me number?
False
Is 1174303763 a composite number?
False
Is 34335431 a composite number?
True
Is 113530661 prime?
True
Is 8673205 a prime number?
False
Is 31690531 composite?
True
Is 619733 composite?
True
Is 3877535 prime?
False
Is 7482053 a prime number?
True
Is 243171007 a prime number?
False
Is 7937261 composite?
False
Is 328477 prime?
False
Is 57896389 composite?
False
Is 3414497 a prime number?
False
Is 653063 prime?
False
Is 9042737 composite?
True
Is 12532994 a prime number?
False
Is 35562493 prime?
True
Is 38746561 prime?
False
Is 22327991 a composite number?
True
Is 8053999 composite?
True
Is 21800593 prime?
False
Is 88313287 a prime number?
True
Is 513083 a composite number?
False
Is 4956973 a composite number?
True
Is 336706187 a composite number?
True
Is 8152303 composite?
False
Is 1177133 a composite number?
True
Is 3584219 a prime number?
False
Is 38668951 a prime number?
True
Is 150762649 composite?
False
Is 655807 prime?
True
Is 24313001 a prime number?
False
Is 5063653 a prime number?
False
Is 6441781 a composite number?
True
Is 5972101 a prime number?
False
Is 93245947 a composite number?
True
Is 353360507 prime?
False
Is 2117929 a composite number?
True
Is 6988669 composite?
False
Is 3583655 composite?
True
Is 698529589 a prime number?
True
Is 65999693 a composite number?
False
Is 2375123 prime?
False
Is 7183381 a prime number?
False
Is 12297371 prime?
True
Is 615119 a prime number?
False
Is 607813 composite?
False
Is 211313 prime?
True
Is 10655517 a composite number?
True
Is 2462153 prime?
False
Is 14129383 a prime number?
False
Is 976071929 prime?
False
Is 13804057 a composite number?
False
Is 163963391 a composite number?
True
Is 85170887 a prime number?
True
Is 11843311 composite?
False
Is 4328081 a prime number?
False
Is 1309247 a composite number?
True
Is 22601069 a prime number?
True
Is 225683917 a composite number?
True
Is 22537943 a prime number?
True
Is 3472717 a composite number?
False
Is 1443863 composite?
True
Is 2505887 a composite number?
True
Is 840967 a prime number?
True
Is 127852321 a prime number?
True
Is 59853683 prime?
False
Is 21581762 a composite number?
True
Is 2387627 a composite number?
True
Is 3928283 a prime number?
True
Is 1465969 a prime number?
False
Is 283267 a composite number?
False
Is 848171 a composite number?
True
Is 1664953 a prime number?
False
Is 3965071 a composite number?
True
Is 33214591 prime?
True
Is 173393789 prime?
False
Is 1146581 a prime number?
True
Is 34857079 composite?
True
Is 13135729 a composite number?
False
Is 2802768227 prime?
False
Is 2471407 a composite number?
False
Is 2350961 a composite number?
True
Is 171161 a composite number?
False
Is 69294287 a composite number?
True
Is 2065363 a prime number?
True
Is 5952553 prime?
True
Is 113101 a prime number?
False
Is 28701221 a composite number?
False
Is 95448057 a composite number?
True
Is 742229 a composite number?
False
Is 11619403 a prime number?
False
Is 64460857 a composite number?
True
Is 3336269 composite?
False
Is 593353 a composite number?
False
Is 218249 prime?
True
Is 19797913 a composite number?
True
Is 14392979 a prime number?
True
Is 163782589 composite?
False
Is 72491681 a prime number?
True
Is 618799 a prime number?
True
Is 1017392758 prime?
False
Is 121639 composite?
True
Is 50733313 composite?
False
Is 151945427 prime?
True
Is 9761053 composite?
True
Is 225571881 composite?
True
Is 137207329 prime?
False
Is 28559397 a prime number?
False
Is 12824671 composite?
True
Is 30439169 a composite number?
False
Is 1917731 a composite number?
False
Is 219037033 a composite number?
True
Is 109191857 composite?
True
Is 560389 a composite number?
True
Is 2341687 a composite number?
False
Is 18182383 prime?
False
Is 5324671 a prime number?
False
Is 2870279 a prime number?
True
Is 400526653 a prime number?
True
Is 20412499 prime?
True
Is 9036397 composite?
True
Is 837359 a prime number?
True
Is 28638599 a composite number?
True
Is 33746421 a composite number?
True
Is 19045747 composite?
True
Is 22190767 a prime number?
True
Is 88614494 a composite number?
True
Is 10057231 composite?
False
Is 16538087 composite?
False
Is 2045354 a prime number?
False
Is 35023 a composite number?
False
Is 11267567 a composite number?
True
Is 728838491 a composite number?
False
Is 112589311 prime?
True
Is 11509033 prime?
False
Is 112560943 prime?
False
Is 1637147 prime?
True
Is 230976301 prime?
False
Is 4118627 prime?
True
Is 85723901 composite?
False
Is 8834999 a prime number?
True
Is 296505263 composite?
True
Is 38674277 prime?
False
Is 14135831 prime?
False
Is 6940459 a prime number?
False
Is 606064715 composite?
True
Is 1501777 a prime number?
True
Is 15870937 a prime number?
True
Is 746597 a prime number?
True
Is 2840617 a prime number?
False
Is 1075919 prime?
False
Is 45578623 a prime number?
True
Is 577799 a prime number?
True
Is 225591529 composite?
True
Is 28541159 composite?
False
Is 8443913 a prime number?
True
Is 19062661 a composite number?
True
Is 530433863 a composite number?
True
Is 73888357 prime?
True
Is 876505621 a composite number?
False
Is 2017669 a composite number?
False
Is 75415 prime?
False
Is 17071079 a composite number?
True
Is 28129303 a prime number?
False
Is 13463797 prime?
True
Is 2056457 prime?
False
Is 12603394 composite?
True
Is 19698083 prime?
True
Is 31418797 prime?
False
Is 42505549 a composite number?
False
Is 31260319 prime?
True
Is 14376811 composite?
True
Is 44141401 a composite number?
True
Is 54679313 a composite number?
True
Is 17306449 a prime number?
False
Is 153050723 prime?
False
Is 45481241 composite?
True
Is 92239507 a prime number?
False
Is 1454953 a prime number?
True
Is 39177331 prime?
True
Is 5324471 composite?
False
Is 11289827 a prime number?
False
Is 39292633 prime?
True
Is 609641 a prime number?
True
Is 2330449 a prime number?
False
Is 120287995 prime?
False
Is 20295919 a composite number?
True
Is 13674767 a composite number?
True
Is 409007 a prime number?
True
Is 37806931 a prime number?
False
Is 1558147 a composite number?
True
Is 1469341 composite?
False
Is 14183773 prime?
False
Is 102872037 composite?
True
Is 597950513 a prime number?
True
Is 3285713 a prime number?
True
Is 1781201 a composite number?
True
Is 61090583 composite?
False
Is 3061505 a composite number?
True
Is 39210263 prime?
True
Is 754711099 composite?
False
Is 15071867 a prime number?
True
Is 243948629 prime?
True
Is 152398853 a composite number?
True
Is 4285639 a composite number?
True
Is 19500533 composite?
True
Is 13847267 prime?
False
Is 56299143 a prime number?
False
Is 4790119 a prime number?
False
Is 600125509 a composite number?
True
Is 3134303 a prime number?
True
Is 114868253 prime?
False
Is 17049031 a composite number?
False
Is 569372017 a prime number?
False
Is 68041729 a composite number?
True
Is 161717 a composite number?
False
Is 81663479 prime?
True
Is 12784703 composite?
True
Is 21966599 composite?
True
Is 5401393 composite?
True
Is 135513997 prime?
True
Is 345791 composite?
False
Is 19022747 a composite number?
True
Is 5284151 a composite number?
False
Is 38522857 a prime number?
False
Is 33157937 prime?
True
Is 226693 a prime number?
False
Is 22337299 composite?
True
Is 88136023 a composite number?
True
Is 1014179 a prime number?
False
Is 893193383 prime?
True
Is 82797509 composite?
True
Is 4046543 a prime number?
True
Is 1093349 prime?
False
Is 2138857 composite?
True
Is 1010861 a prime number?
True
Is 81310323 composite?
True
Is 2701789 prime?
True
Is 46209719 composite?
True
Is 4653139 a composite number?
False
Is 190460357 prime?
True
Is 108255479 composite?
True
Is 18966643 a prime number?
True
Is 5200978 a prime number?
False
Is 3452497 a composite number?
False
Is 87074347 a prime number?
False
Is 226570061 a prime number?
True
Is 48305083 a composite number?
True
Is 51465061 a composite number?
False
Is 187873429 prime?
False
Is 433509001 composite?
True
Is 181213801 prime?
False
Is 325322549 prime?
True
Is 173131463 a prime number?
True
Is 251309 a composite number?
True
Is 2149721 a composite number?
True
Is 80473397 a prime number?
False
Is 3624235 composite?
True
Is 6636689 a prime number?
True
Is 1004387 a prime number?
False
Is 99130547 a composite number?
True
Is 216256